= 0. Is f composite?
True
Let z = 402921 + -284072. Is z prime?
False
Suppose 52*u - 11*u = 56949. Is (986/51)/(2*1/u) composite?
True
Let w(y) = 1. Let c(g) = -52*g + 39. Let n(r) = c(r) - 26*w(r). Let o = 449 - 453. Is n(o) composite?
True
Suppose -3*k = 4*i - 4921847, 2190*k - 3281170 = 2188*k + 5*i. Is k composite?
True
Suppose -2*w = -2*l - 3*l + 10, 3*w + 15 = 4*l. Suppose u + x - 1268 = l, 13 = -2*x + 3. Is u a composite number?
True
Let s be (43252/(-8))/(5 - 755/150). Suppose -s = -30*c - 3*c. Is c composite?
True
Let h(i) = 2*i**3 - 7*i**2 - 2*i + 6. Let a = 59 + -114. Let b = 60 + a. Is h(b) composite?
False
Let m be ((-61)/(-2))/((-6)/(-1092)). Suppose -k + o + m = 0, 2*k - 6*o - 11102 = -2*o. Let f = k + -2894. Is f a prime number?
True
Let y(k) = 3*k**3 - 35*k**2 - 12*k + 57. Let r(p) = -7*p**3 + 69*p**2 + 25*p - 113. Let t(j) = 4*r(j) + 9*y(j). Is t(-45) a prime number?
False
Let k(v) = v**3 - 4*v**2 + 23*v + 93. Is k(29) a composite number?
True
Suppose 2*o - 44*t + 47*t - 2605 = 0, -4*t = 4*o - 5216. Let f = 2785 - o. Is f a composite number?
True
Suppose 0 = 70*l - 65*l + 5*h, 5*h + 25 = 0. Suppose -3*t = 2*b - 16829, 4*b = 3*t + l*b - 16834. Is t a prime number?
False
Suppose 2*g = -40*t + 35*t + 1773489, -2*t + 3*g + 709388 = 0. Is t a prime number?
False
Suppose 37*n - 3876 = 40*n. Let j = 2913 + n. Is j a prime number?
True
Suppose -24*c = -13*c + 47*c - 21015314. Is c composite?
False
Suppose 0 = -20*b - 53*b + 1633229. Is b prime?
False
Suppose 3*u - 31 + 10 = 5*v, 2*v = 4*u - 14. Is (-3 - -2)*(v + -124) prime?
True
Suppose -9*t - 2*t + 1526103 = -2*t. Is t a prime number?
True
Is (4/6*(-174)/464)/((-3)/3228516) prime?
False
Is 44/(-110) + (-1054012)/(-5) + 1 composite?
False
Suppose -6 = -114*r + 111*r. Suppose -2*y + 3546 + 3948 = -2*w, -r*w - 18723 = -5*y. Is y a prime number?
False
Suppose 0 = 89*h - 122*h + 23927739. Is h a prime number?
False
Suppose 0 = -165*i + 4735753 - 1466938. Is i a prime number?
False
Suppose 31*d = -105719 + 409643. Let c = -4801 + d. Is c a composite number?
False
Is 53918/(-6)*111/74*-10 composite?
True
Let m = 37158 + 30131. Is m composite?
False
Let j be (149 - (0 - -1))*(0 - 73). Let s = 16677 + j. Let l = s - 3744. Is l prime?
True
Let j(b) = -242*b - 5. Let k(h) = -h**3 + 8*h**2 - 12*h - 1. Let q be k(6). Let z(x) = x**3 - 2*x**2 - x. Let r be z(q). Is j(r) a composite number?
False
Suppose 0 = -k - 2*k + 9. Suppose -k = 2*l - 5*l. Is (l + 0)/((-6)/(-2274)) a composite number?
False
Suppose 54*q - 52*q + 2304 = 0. Let v = 2695 + q. Is v a prime number?
True
Let z(t) = t**3 + 10*t**2 - 17*t - 363. Is z(14) prime?
False
Let c = -4704 - -7180. Suppose 7*u - c = 954. Suppose 0 = -0*w - 4*w - 20, -3*w - u = -5*f. Is f composite?
True
Suppose 4*y + 166209 = u, u + y - 28663 = 137521. Is u a composite number?
False
Let v(j) = -j - 2. Let o be v(-7). Let h(m) be the third derivative of 29*m**4/3 - 3*m**3/2 - 35*m**2. Is h(o) composite?
False
Let f be 3/5 - 6939/15. Let s = f + 307. Is (s/(-10)*-2)/(-1) composite?
False
Suppose 0 = -35*z + 31*z + 203564. Is z prime?
True
Suppose -8*v = -3*v - 20. Let p be 2 + -1 + v/1. Suppose 1340 = p*q + 4*b - 9*b, 5*q = b + 1352. Is q prime?
True
Suppose -620273 = -3*x + 241582. Is x prime?
False
Suppose 93 = 5*s + 28. Let b be 12/(s/(-76) - (-1)/4). Suppose 3*r - b = 1849. Is r composite?
True
Let g(p) = -p**3 + 64*p**2 + 85*p + 165. Is g(53) prime?
True
Let l be (-6)/(-1)*(26 - -1664). Suppose -2892 - l = -9*i. Let v = i - 651. Is v composite?
False
Is 58396 + 6/6 - 6 a prime number?
True
Is (-395396284)/(-7960) + ((-1)/(-6))/((-10)/(-6)) a composite number?
True
Suppose o - 3*m - 4 = 0, 0 = 3*o - 2*m + 6*m + 1. Let c be ((-1)/(-2) + (-6)/(-4))/o. Suppose 97 = 4*b + c*t - 101, 50 = b + t. Is b a composite number?
True
Is (-24)/(-56)*(-145978483)/(-159) a composite number?
False
Let f = 997 + -295. Let m = 647 + f. Let p = 3004 - m. Is p a composite number?
True
Suppose -j + 93 - 93 = 0. Suppose -36986 = 4*n - 8*n - w, j = -4*n + w + 36982. Let r = -6511 + n. Is r composite?
True
Suppose -16 = -2*m - 2*m, 0 = -5*y + 5*m + 11270. Suppose 3438 = 8*b - y. Suppose -4*w + b = 180. Is w a prime number?
False
Let y = -1696276 + 2877603. Is y a prime number?
False
Suppose -5*m + i = -2*m + 26, -9 = 2*m + i. Let y = 1023 + -867. Let q = y + m. Is q a prime number?
True
Let r(l) = -8*l + 87. Let s be r(11). Is ((-12011)/(-3) - s)/((-32)/(-48)) composite?
False
Let k = 330 + -89. Let x(b) = b + 3. Let y be x(1). Suppose -3*a + k = -4*v, -y*a - v + 340 = 3*v. Is a a prime number?
True
Suppose -753*q - 153862 = -791*q. Is q composite?
False
Let r = 11601 + -4346. Is r prime?
False
Suppose 3*m - 26 = 70. Suppose -2*s = -4*j - m, -s + 12 = 2*j - 8. Is 37*((-4)/18 + 22/s) a composite number?
False
Let p be (-194)/(-8) + (-14)/56. Suppose -2 = v - p. Is 0 + (2 - 3) + 1 + v prime?
False
Is (-350350)/(-234) - (-3 + (-29)/(-9)) a composite number?
True
Let n(m) be the first derivative of -5*m**4/4 + m**3/3 + 3*m**2/2 + 2*m - 1765. Suppose -5*f - 19 = -4*y + 17, 0 = 3*f + 2*y + 4. Is n(f) prime?
False
Let c(b) = -3*b**3 + 2*b + 1. Let t be c(-1). Suppose 5*j - 8 - 1 = -z, -j - t*z = 0. Suppose j*v - 5*v = -771. Is v a composite number?
False
Suppose -4*b - 4*z = 813325 - 2114813, 3*b = -z + 976130. Is b composite?
False
Let q be 4/2 - (1 - 109)/(-3). Let o = -42 - q. Is 579 + 24/10 + o/20 composite?
True
Let f = -98205 - -341618. Is f a composite number?
True
Suppose 2*m - 4*p = 381894, 2*p = 19 - 17. Is m prime?
False
Suppose 3*o + 104 = -2*a + 452, 3*a - 539 = 4*o. Let g = a + 730. Is g composite?
False
Let z(f) = 8*f**2 - 99*f + 2981. Is z(98) a composite number?
False
Is 788146/6 + (560/(-42))/20 a prime number?
True
Let h be 2*(-1 - (-344920)/16). Is ((-12)/(-28))/(3/h) prime?
False
Let c(a) = 6748*a**2 - 33*a - 469. Is c(-12) a composite number?
False
Is -246 + 84337 + (1 + -2 + -5)/(-1) a composite number?
True
Is -5*((-94182)/15 - 12) a composite number?
True
Suppose -2*x = -4*v + 10*v - 111734, -74494 = -4*v + x. Is v a composite number?
True
Let h(n) = -9*n - 21. Let d be h(-5). Let g = -28 + d. Is 664 - ((12/g - 2) + 2) prime?
False
Let p(g) = -51894*g - 1712. Is p(-7) a prime number?
False
Suppose d = -3*d + 12. Suppose a = d*s + 5*a + 15, -5*s + a = 2. Is (-3 + s + 635)*1 a prime number?
True
Let w(a) = a**2 + 14*a - 15. Let b be w(-15). Suppose 6*u - 17*u + 130933 = b. Is u a composite number?
False
Suppose -7*p - 4*q = -8*p + 1, 0 = -3*p + 3*q + 12. Suppose -2*g - p*t + 27 + 3 = 0, 0 = 4*g - t - 38. Is (-22916)/(-5) - (2/g)/1 composite?
False
Suppose -118*d = -51678369 - 66836263 + 835710. Is d composite?
False
Suppose 4*p + 94029 = 4*x - 33751, -x + 2*p = -31939. Is x composite?
True
Let c(d) = 7177*d - 4940. Is c(73) a prime number?
True
Let l(t) = -502*t - 25. Let o be 5/2 - 4/8 - 13. Is l(o) composite?
True
Is (72 - 76)*78691/(-4) a composite number?
False
Let v be (-2 + 11 + -3)*4/6. Suppose -3*a + 25946 = v*w, 23662 = 4*w - 5*a - 2268. Is w a prime number?
False
Let h(v) = -4*v - 67 - v + v**2 + 4. Is h(-26) composite?
False
Let h(x) = 1314*x**3 + 51*x**2 - 247*x + 21. Is h(5) prime?
False
Let l(j) be the first derivative of 14*j**5/15 + j**4/6 + 5*j**3/6 + j**2 - 16. Let q(u) be the second derivative of l(u). Is q(-3) a composite number?
True
Let z be (15/1 - 6)/(1/(-7)). Let h = z + 64. Is (-27 + h)*55/(-10) a composite number?
True
Let w = 691 - -135. Suppose -2810 = -4*v + 3*d, 4*d + 3638 = 4*v + w. Is v a prime number?
True
Let k = 396 + -396. Suppose -69*v + 66*v + 8517 = k. Is v prime?
False
Let c = -10 - -18. Let r be ((-4)/c)/(1/2650). Let f = -446 - r. Is f composite?
True
Let x be ((-5)/2)/(4/(-8)). Suppose -5*w + 10 = 5*n, -x*w = -5*n - 2*w - 22. Is (4/(-12)*n)/(4/2922) composite?
False
Let c = -259 - -686. Suppose 5 = 4*s - 4*z - 31, -14 = -s + 2*z. Suppose -v + c = -4*h, h + 495 = s*v - 1153. Is v composite?
True
Suppose -5*o + 5*y + 10 = 0, -5*o + 5*y = 2*y - 2. Let u be o/7 + 112/49. Suppose -52 - 78 = -u*l. Is l a prime number?
False
Let i = 102 + -78. Is 76*(-20)/i*(-6)/4 prime?
False
Let t = 15 - 43. Let z = 35 + t. Is (-744)/(-56) + -1 + 5/z prime?
True
Let s(p) = 2*p**2 + 24*p - 2. Let w be s(-12). Let m be 0 - ((-6)/w + -5). Is